r of h and 5?
1
Let v be 1*21 + 2 + -1. Let j be (176/20)/(4 + (-294)/75). What is the greatest common divisor of j and v?
22
Let b(j) = j**2 - 8*j - 4. Let y be b(8). Let g be 2/y*30/(-5). What is the highest common factor of 2 and g?
1
Suppose 12 = i - 3. Let j = -5 + i. Calculate the greatest common factor of j and 70.
10
Let g be (-334)/6 - (-2)/(-6). Let z = 101 + g. Suppose -x - 2*d + 15 = 0, 21 = 4*x - 3*x + 4*d. What is the highest common factor of x and z?
9
Let w(d) = -7*d**2 + 5*d + 13. Let v(m) = 8*m**2 - 6*m - 12. Let j(x) = 5*v(x) + 6*w(x). Let o be j(0). Calculate the highest common factor of 9 and o.
9
Let m(h) = 5*h. Let c = -7 - -10. Suppose 0 = 3*k - 2*k - c. Let p be m(k). What is the greatest common divisor of 75 and p?
15
Suppose -g - g + 24 = 0. Suppose 0 = z - 83 + 47. Calculate the highest common divisor of z and g.
12
Suppose -2*i + 18 = s, -4*i = 4*s - 0*i - 68. Suppose 0 = 4*o - 5*o. Suppose o*q + q = 24. What is the highest common divisor of q and s?
8
Suppose 2 + 2 = s. Suppose 29 + 31 = -s*u. Let q = 143 + u. What is the highest common divisor of q and 16?
16
Suppose 5*u = -c - 33, -3*u = -5*u - 8. Let g = c + 19. Let j be 1 - ((-2 - -1) + -4). Calculate the greatest common factor of j and g.
6
Let f(q) = 6*q - 1. Let n(z) = -5*z + 2. Let j(x) = -3*f(x) - 4*n(x). Let s be j(5). What is the highest common divisor of 40 and s?
5
Suppose -4*s = 4*k - 260, -k - 4*k = -3*s - 293. Let o = k + 69. Suppose -o = -4*y - y. Calculate the greatest common divisor of 39 and y.
13
Let u(n) = -2*n - 4. Let a be u(-9). Suppose -w = w - a. Suppose -w*q + 42 = -4*q. What is the highest common divisor of q and 7?
7
Let p be -1*(1 + 0)*(-560)/5. What is the highest common divisor of p and 14?
14
Let i = -19 - -23. What is the highest common divisor of 6 and i?
2
Let u be ((-36)/(-4))/(1/8). Let b(y) = -4*y - 3. Let i be b(-3). Calculate the greatest common factor of i and u.
9
Let y(t) = 2*t - 12. Let w be y(9). Suppose -3*k + w = -2*p - 15, 2*k - 4 = -2*p. Calculate the greatest common divisor of k and 1.
1
Let o(n) = -4*n**3 - 7*n**2 - 5*n - 2. Let x be o(-2). What is the greatest common divisor of x and 12?
12
Let w(i) = -12*i**3 + i**2 + 2*i + 1. Let r = 6 + -7. Let n be w(r). What is the greatest common divisor of 12 and n?
12
Let d be ((-46)/(-4))/(2/28). Suppose 5*q = 4*f + 99, q - 27 = -f - 0*f. Calculate the greatest common divisor of d and q.
23
Let u(z) = z**3 - 6*z**2 + z - 3. Let p be u(6). Suppose -6*c + p*c = -36. Suppose w = 2*w - 96. Calculate the greatest common divisor of w and c.
12
Suppose -3*m + 108 = m. Suppose -5*j + 65 = 5*d, 3*j + j - 64 = -d. Suppose 2*v + 5*c = 16 + j, -27 = -2*v - 3*c. What is the greatest common factor of m and v?
9
Suppose -4*f = -4*n - 84, -2*n - 26 = -3*f + 40. What is the highest common divisor of f and 18?
6
Suppose 5 = -5*x, -4*y - 8*x + 3*x + 179 = 0. Let u(c) = 2*c**3 - 7*c**2 - 3*c + 9. Let w be u(5). Calculate the greatest common factor of y and w.
23
Suppose -336 = -5*r + 74. Let h = r + -49. Suppose -l - 11 = -2*l. What is the highest common factor of h and l?
11
Let g = 72 + -38. Calculate the highest common divisor of g and 272.
34
Suppose 0 = 2*t - 128 + 10. Let i be (-1*61)/(-1 - 0). Let x = i + t. Calculate the greatest common divisor of 15 and x.
15
Let u = -1 + 4. Suppose -372 = -u*c - 141. What is the highest common divisor of 7 and c?
7
Suppose 4*o = j - 0*j + 90, -4*j = 3*o - 77. Let l = o - 8. Let s(a) = a + 5. Let h be s(5). What is the highest common factor of l and h?
5
Let i = 25 - 7. Suppose -3*r - 16 = -7*r. Let v be -81*7/((-42)/r). What is the greatest common factor of v and i?
18
Suppose -j = k + j - 8, -2*k + 2*j + 4 = 0. Suppose -k = -3*v + 26. Calculate the highest common factor of v and 15.
5
Suppose c - 5 = 27. Let w be (65/(-10))/((-1)/(-2)). Let s = c - w. What is the greatest common factor of 9 and s?
9
Let b = 326 + -228. Suppose -4*n = -6 - 18. Let p be 1/(-3) + 86/n. What is the highest common divisor of b and p?
14
Let f(z) = z**2 - 8*z + 9. Let x be f(7). Let v = 8 + x. Let b = -327 + 342. What is the greatest common factor of v and b?
5
Let h be 333/(-18) - (-6)/4. Let z = 57 + h. What is the highest common divisor of z and 16?
8
Let w = -41 + 46. What is the highest common factor of 15 and w?
5
Suppose 9*n - 150 - 291 = 0. What is the greatest common factor of 7 and n?
7
Let n = -9 - -11. Suppose -3*h + n = -67. Calculate the highest common divisor of h and 161.
23
Let r be (-16 + 4)*2/(-6). Suppose 29 - r = 5*k, 3*k = 3*z - 57. Suppose 3*g = 7*g - z. Calculate the highest common factor of 2 and g.
2
Let q(g) = 4*g - 5. Let a be q(7). Let r(o) = -2*o**3 - 5*o**2 - 5*o + 1. Let d be r(-4). What is the highest common factor of a and d?
23
Suppose -7*c - 308 = -9*c. What is the greatest common divisor of c and 28?
14
Let g = -9 - -14. Suppose 4*z - z + g*h = 353, z + 5*h - 101 = 0. What is the greatest common divisor of 14 and z?
14
Suppose -2*i = -0*i - 2. What is the greatest common divisor of i and 8?
1
Let j be ((-12)/5)/((-1)/10). What is the greatest common factor of 16 and j?
8
Let n be (-24)/(-10) - (-6)/(-15). Suppose -n*w = -w. Suppose -3*x - 3 - 19 = -5*h, w = h - 3*x - 2. Calculate the highest common factor of 5 and h.
5
Let i(q) = 3*q**2 + 14*q + 7. Let n be i(-6). What is the highest common divisor of 31 and n?
31
Let a be ((-16)/10)/(1/(-20)). What is the greatest common divisor of a and 4?
4
Let s be (0 + -6)*(-116)/8. Calculate the greatest common factor of s and 29.
29
Let l(w) = -w**3 + 9*w**2 - 10*w - 8. Let h be l(8). Let d = 44 + h. Let o(u) = -12*u + 2. Let c be o(-4). What is the greatest common factor of d and c?
10
Let v be 30*(-5)/20*(-4)/5. Calculate the highest common divisor of 39 and v.
3
Let a(y) be the second derivative of y**4/12 + y**3/2 + 3*y**2/2 + y. Let g be a(-3). What is the highest common factor of g and 1?
1
Let z(i) = i + 7. Let g be z(-7). Suppose d - 18 = -g*d. Suppose 4*l + r - 118 = -4*r, -2*r = 4*l - 112. Calculate the greatest common divisor of l and d.
9
Suppose 0 = -d - 1 + 6. Calculate the highest common factor of d and 55.
5
Let z(w) = -8*w + 2. Let f be z(-1). Calculate the greatest common factor of 80 and f.
10
Let m be 2 - ((-1)/(-1) - 3). Suppose 0 = n - 2*d + 18 - 78, -m*d = 8. What is the greatest common divisor of n and 7?
7
Let h(l) = l**2 - 2*l. Let k be h(2). Suppose -2*c + 5 + 15 = k. What is the greatest common factor of c and 10?
10
Let o = 15 - 8. Let k = 150 - 87. Calculate the greatest common factor of o and k.
7
Let w(h) = -10*h - 3. Let j(y) = -y**2 + 8*y - 9. Let p be j(7). Let g be w(p). What is the highest common factor of g and 68?
17
Let d = -31 + 47. What is the greatest common divisor of d and 112?
16
Suppose -2*q + q = -15. Suppose 1200 = 4*m - m. Let p be m/q*6/5. Calculate the greatest common factor of p and 8.
8
Let b be 43 - (4 - (-3)/(-3)). Calculate the greatest common factor of b and 5.
5
Suppose 0 = v + 6 - 33. What is the greatest common divisor of v and 3?
3
Suppose 0 = 8*k - 6*k - 24. What is the highest common factor of 3 and k?
3
Let n = 3 - 10. Let a = n - -11. Let v(c) = -4*c - 8. Let t be v(-10). What is the highest common divisor of a and t?
4
Let t(h) = -h**3 - 10*h**2 + 14*h + 13. Let c be t(-12). What is the greatest common factor of c and 19?
19
Let s(n) = n**3 - 6*n**2 + 6*n + 8. Let r be s(6). Suppose 0*u - 29 = -4*u + 5*t, 0 = -5*u + 4*t + 43. Calculate the highest common factor of r and u.
11
Suppose -m - 4*g + 2 = 0, 0 = m + m + 2*g - 4. Let s be -1 - (-2 + -5 + m). Suppose i + 3 - 43 = 0. Calculate the greatest common factor of i and s.
4
Let s = 10 - -3. What is the highest common divisor of 65 and s?
13
Let h be -6*((-30)/4)/5. What is the highest common divisor of 108 and h?
9
Let i be (2/(-4))/((-649)/162 - -4). Calculate the greatest common factor of 9 and i.
9
Let f be (1/(-3))/((-2)/(-6)). Let j be f/2 + 386/4. What is the highest common factor of j and 12?
12
Let o = 11 - 7. Suppose 3*m = -m - 16, r = 5*m + 22. Suppose -3 = -r*t + 5. Calculate the greatest common factor of t and o.
4
Let d = -21 - -126. Suppose w - 4*w = -d. Suppose v + 12 = 3*i, -4*i - v + 23 = -0*i. What is the highest common divisor of w and i?
5
Suppose 40